, what is cc - 0?
cc
In base 11, what is 156 + -1?
155
In base 6, what is -124 - -11?
-113
In base 13, what is -51 + 20?
-31
In base 8, what is -2233 - 2?
-2235
In base 14, what is -9 - -16?
b
In base 14, what is -9 + -35?
-40
In base 8, what is 10 + -503?
-473
In base 11, what is -18 + 56?
39
In base 9, what is -5 + 1301?
1285
In base 8, what is -100 + 33?
-45
In base 10, what is -11 - -55?
44
In base 13, what is -27 - -82?
58
In base 8, what is -3 + 154?
151
In base 7, what is 43 + 1361?
1434
In base 4, what is 2 + 13321?
13323
In base 6, what is 5 - 2302?
-2253
In base 5, what is 342324 - 1?
342323
In base 4, what is 0 - 22201?
-22201
In base 12, what is -33 - 4?
-37
In base 10, what is -4 + 2359?
2355
In base 14, what is 4 + -17b8?
-17b4
In base 12, what is 9 - 9?
0
In base 2, what is -1000 + 101?
-11
In base 5, what is 3 - 33003?
-33000
In base 16, what is -23 + -7?
-2a
In base 9, what is -2226 - 5?
-2232
In base 13, what is -8 + 111?
106
In base 14, what is 22 + -5?
1b
In base 11, what is 9 - 577?
-569
In base 3, what is -2 + 1101202?
1101200
In base 4, what is -2 - 211022?
-211030
In base 14, what is -61 + 8?
-57
In base 9, what is -6104 - 5?
-6110
In base 10, what is 2505 - -5?
2510
In base 15, what is 1 + 35?
36
In base 3, what is 120001110 - -11?
120001121
In base 6, what is 1142 - -4?
1150
In base 12, what is -77a - -3?
-777
In base 7, what is -116 - -16?
-100
In base 2, what is 100111 - -1000?
101111
In base 4, what is -1 - -223?
222
In base 4, what is 12133 - 10?
12123
In base 5, what is -232 + -2?
-234
In base 8, what is 1 + 662?
663
In base 10, what is 4 + -7?
-3
In base 13, what is -12 - 39?
-4b
In base 9, what is 2 - 373?
-371
In base 14, what is 5 - 97?
-92
In base 13, what is -195 + 5?
-190
In base 7, what is 11310 - 1?
11306
In base 15, what is 44 + 6?
4a
In base 7, what is -32 + -65?
-130
In base 16, what is 1e + -2?
1c
In base 15, what is 4 + 11e?
123
In base 6, what is 4 + 3212?
3220
In base 2, what is 10111 + -101?
10010
In base 12, what is 5 - -313a?
3143
In base 15, what is -b - 182?
-18d
In base 16, what is 4 + -79b?
-797
In base 16, what is 1 - 4?
-3
In base 11, what is 1 + 111?
112
In base 2, what is 1010 - -1000101?
1001111
In base 10, what is -111 + 6?
-105
In base 9, what is 541 + -1?
540
In base 3, what is -2021002012 - -10?
-2021002002
In base 11, what is 2 - 34?
-32
In base 13, what is -118 + 27?
-c1
In base 2, what is -101 - 101101001?
-101101110
In base 12, what is 473 - 2?
471
In base 15, what is -5a + -20?
-7a
In base 5, what is -3 + 44430?
44422
In base 2, what is -10 + -111101?
-111111
In base 16, what is 3 + -59?
-56
In base 4, what is 231 - 11?
220
In base 12, what is 413 - -3a?
451
In base 3, what is 110020 - 1?
110012
In base 2, what is 100 - 11001000011?
-11000111111
In base 6, what is 2 - -2?
4
In base 6, what is 4 + 1041?
1045
In base 9, what is 68 - -11?
80
In base 6, what is -14 - 10?
-24
In base 10, what is -5 + -1394?
-1399
In base 10, what is -3868 + 3?
-3865
In base 6, what is 34 + -1115?
-1041
In base 2, what is -11011 - -1?
-11010
In base 10, what is -3 + 169?
166
In base 14, what is b6 - -32?
108
In base 14, what is -5 + -33?
-38
In base 9, what is 14 + -11?
3
In base 6, what is 3 - 4241?
-4234
In base 3, what is -1 - 1202?
-1210
In base 11, what is -30 - 4?
-34
In base 15, what is 1 + -5d?
-5c
In base 4, what is -11201 + 0?
-11201
In base 4, what is -2 - 13130?
-13132
In base 13, what is 2 + 40?
42
In base 4, what is -112 - -20?
-32
In base 15, what is -2 - -8a?
88
In base 13, what is 4 - 176?
-172
In base 15, what is 5a2 + 9?
5ab
In base 6, what is -25 - 210?
-235
In base 10, what is 5328 + -2?
5326
In base 9, what is 405 + 1?
406
In base 8, what is -434 + 0?
-434
In base 15, what is 3c0 - 4?
3bb
In base 4, what is 13 - 1?
12
In base 2, what is 1000000100111 + 101?
1000000101100
In base 12, what is -3 + a?
7
In base 9, what is -468 + -3?
-472
In base 9, what is -2662 + -5?
-2667
In base 7, what is 133 + -31?
102
In base 3, what is 2 - -1222?
2001
In base 15, what is 4b - -8?
54
In base 3, what is 2100100 - 11?
2100012
In base 3, what is 0 + 110210210?
110210210
In base 2, what is -100 - 1110?
-10010
In base 16, what is -438a + -4?
-438e
In base 4, what is -2 - -113300?
113232
In base 5, what is 43 + -304?
-211
In base 7, what is -104 - 305?
-412
In base 15, what is 5 + 56?
5b
In base 14, what is 54 + -29?
29
In base 14, what is -2 + 61d?
61b
In base 7, what is -4215 + 4?
-4211
In base 7, what is -1206 + -2?
-1211
In base 3, what is 2 - 111?
-102
In base 10, what is 0 - 12?
-12
In base 12, what is 9 - -4?
11
In base 15, what is -9 - 14?
-1d
In base 5, what is -12 - -1144?
1132
In base 8, what is -4 - 172?
-176
In base 5, what is 2421 + 1?
2422
In base 3, what is 10111 - -11?
10122
In base 12, what is 977 + 4?
97b
In base 8, what is -1 + -335?
-336
In base 10, what is -41 - 8?
-49
In base 6, what is -4 - 45?
-53
In base 2, what is -1 + 1010?
1001
In base 12, what is -3 + 262?
25b
In base 4, what is -1231 - -2?
-1223
In base 9, what is -23 + 62?
38
In base 4, what is -3 + 13?
10
In base 12, what is 103 + -1?
102
In base 2, what is 1111 + -1110001010?
-1101111011
In base 3, what is -20020 + 20?
-20000
In base 15, what is 7 - 83d?
-836
In base 7, what is -3562 - -3?
-3556
In base 9, what is -2 + 33?
31
In base 3, what is 10120100 - 0?
10120100
In base 14, what is 2 - -16?
18
In base 13, what is -1 + -2b3?
-2b4
In base 16, what is 180 - 4?
17c
In base 4, what is 2022 - 10?
2012
In base 8, what is -1 - 3774?
-3775
In base 2, what is 1111001 + -110001?
1001000
In base 5, what is -3313 - -104?
-3204
In base 14, what is 16 - 10c?
-d6
In base 5, what is -12 + -101?
-113
In base 4, what is 303300 + -10?
303230
In base 10, what is -385 + 0?
-385
In base 15, what is -5 + 20?
1a
In base 15, what is 18 + 4?
1c
In base 3, what is -1110 - 21?
-1201
In base 16, what is 2 - 64b?
-649
In base 6, what is -10 - -100?
50
In base 3, what is -201102 + 10?
-201022
In base 3, what is -12 - 1111210?
-1111222
In base 5, what is 3433 + -10?
3423
In base 13, what is 0 + 227?
227
In base 15, what is -2b80 - 3?
-2b83
In base 7, what is 2 - -340?
342
In base 8, what is 404 + 5?
411
In base 14, what is -11 + -23?
-34
In base 2, what is 100111010 - 111?
100110011
In base 7, what is 1 - -1005?
1006
In base 14, what is 1 - -11a3?
11a4
In base 15, what is -46 + 48?
2
In base 12, what is 1a3 - -8?
1ab
In base 16, what is 5 - -2f?
34
In base 15, what is -2 - e6?
-e8
In base 8, what is 101 + 264?
365
In base 2, what is 110101011 - -10?
110101101
In base 15, what is -3 - -1?
-2
In base 15, what is 4 - -43?
47
In base 15, what is 2cd + 3?
2d1
In base 11, what is 34 - -31?
65
In base 16, what is a + 6a?
74
In base 7, what is -212 - -1?
-211
In base 4, what is 0 + -1?
-1
In base 4, what is -21032 - -10?
-21022
In base 3, what is -12 + -2122?
-2211
In base 11, what is 7 + 1a?
26
In base 6, what is 522 - 2?
520
In base 13, what is 396 + -4?
392
In base 3, what is 210 + -121?
12
In base 12, what is -180 - -4?
-178
In base 4, what is -213 - -1?
-212
In base 15, what is -1 + -146?
-147
In base 13, what is 15330 - -4?
15334
In base 16, what is 4 - 2b9?
-2b5
In base 12, what is -15 - 19?
-32
In base 6, what is 3011 + 5?
3020
In base 12, what is 11 + 17?
28
In base 5, what is -3 - -2?
-1
In base 2, what is -100010000 + 0?
-100010000
In base 6, what is 13 - 33?
-20
In base 8, what is -3035 + -1?
-3036
In base 2, what is 11111111011000 - 0?
11111111011000
In base 10, what is 29 - 393?
-364
In base 14, what is -1 + -2?
-3
In base 12, what is 201 + -4?
1b9
In base 13, what is 3 + -22?
-1c
In base 4, what is -12 + -23320?
-23332
In base 14, what is 6 + 4?
a
In base 9, what is -4 + -36?
-41
In base 9, what is -1 + 240?
238
In base 6, what is 21 - -35?
100
In base 9, what is -15233 + -1?
-15234
In base 12, what is 54 + -1?
53
In base 6, what is 11 - -330?
341
In base 7, what is 1 + -4320?
-4316
In base 4, what is -220 + 2?
-212
In base 8, what is 1062 + -1?
1061
In base 10, what is 4 + -42?
-38
In base 13, what is -5c - 85?
-114
In base 4, what is 1002331 - 3?
1002322
In base 2, what is 10010 + 10001?
100011
In base 11, what is 7 - -602?
609
In base 12, what is -102 + 6?
-b8
In base 12, what is -29b + -9?
-2a8
In base 6, what is 2 + 120?
122